{"id":342,"date":"2021-02-08T14:04:19","date_gmt":"2021-02-08T14:04:19","guid":{"rendered":"http:\/\/localhost\/cmr\/?page_id=342"},"modified":"2021-06-20T16:34:53","modified_gmt":"2021-06-20T16:34:53","slug":"call-for-papers","status":"publish","type":"page","link":"https:\/\/events.ipv.pt\/cmr\/call-for-papers\/","title":{"rendered":"CALL FOR PAPERS"},"content":{"rendered":"<div class=\"parallaxCMR\"><div style=\"background-color: rgba(0,0,0,0.7); padding-top: 250px; padding-bottom: 20px;\">\n<div class=\"ast-container col-containerEnd\">\n<div class=\"column50\" data-aos=\"zoom-in-up\" style=\"text-align: right; padding-right: 15px;\">\n<h3 style=\"color: #fff; text-align: right;\"><span style=\"background-color: rgba(158,155,104,0.5); padding-left: 10px; padding-right: 10px; border-radius: 50px;\">CONFER\u00caNCIA H\u00cdBRIDA<\/span><\/h3>\n<h4 style=\"color: #fff; text-align: right;\">CMR | International Conference on<br \/>\nMultidisciplinary Research<\/h4>\n<h2 style=\"color: #fff;\">1<span style=\"font-size: 0.8em; color: #9e9b68;\">&#038;<\/span>2 julho<span style=\"color: #9e9b68;\">,<\/span> 2021<\/h2>\n<p><!--<a class=\"button_br\" href=\"http:\/\/localhost\/cmr\/registra\/\">INSCREVA-SE J\u00c1<\/a><br \/>--><br \/>\n<a class=\"button_br\" href=\"http:\/\/localhost\/cmr\/wp-content\/uploads\/2021\/06\/programCMR.pdf\" target=\"_blank\" rel=\"noopener\">PROGRAMA PROVIS\u00d3RIO<\/a><br \/>\n<a class=\"button_br\" href=\"http:\/\/localhost\/cmr\/wp-content\/uploads\/2021\/06\/parallelSessionsCMR.pdf\" target=\"_blank\" rel=\"noopener\">SESS\u00d5ES PARALELAS PROVIS\u00d3RIAS<\/a>\n<\/div>\n<div class=\"column50\">\n<h5 style=\"color: #9e9b68;\">TEMPLATES DE ABSTRACT<\/h5>\n<p><a class=\"button_cast\" href=\"http:\/\/localhost\/cmr\/wp-content\/uploads\/template\/template_en.rar\" rel=\"noopener noreferrer\" target=\"_blank\">abstract | ingl\u00eas<\/a><br \/>\n<a class=\"button_cast\" href=\"http:\/\/localhost\/cmr\/wp-content\/uploads\/template\/template_pt-en.rar\" rel=\"noopener noreferrer\" target=\"_blank\">abstract | portugu\u00eas &#038; ingl\u00eas<\/a>\n<\/div>\n<\/div>\n<\/div>\n<\/p>\n<div style=\"background-color: #fff; margin-top: -41px;\">\n<div class=\"ast-container col-container\" style=\"padding-top: 50px; padding-bottom: 50px;\">\n<div class=\"column50p\" style=\"text-align: center; border-radius: 100px; border: 2px solid #000; padding: 20px;\">\n<h3 style=\"padding-top: 10px;\">CALL FOR PAPERS<\/h3>\n<p>Abertura: 24 de janeiro de 2020<br \/>\nT\u00e9rminus: 28 de maio de 2021<\/p>\n<\/div>\n<\/div>\n<div class=\"ast-container\" style=\"padding-bottom: 50px;\">\n<h3>REGULAMENTO DE SUBMISS\u00d5ES<\/h3>\n<p>N\u00e3o ser\u00e3o aceites trabalhos que n\u00e3o cumpram as regras e condi\u00e7\u00f5es pr\u00e9vias abaixo discriminadas.<\/p>\n<h3>PR\u00c9-REQUISITOS DE SUBMISS\u00c3O<\/h3>\n<p><i class=\"fa fa-caret-right\"><\/i> N\u00e3o ser\u00e3o aceites trabalhos apresentados previamente em confer\u00eancias nacionais\/internacionais e\/ou publicados em revistas cient\u00edficas;<br \/>\n<i class=\"fa fa-caret-right\"><\/i> Estudos que envolvam animais, ou humanos, devem ser conduzidos segundo as regras europeias sobre \u00e9tica na investiga\u00e7\u00e3o humana e animal. \u00c9 necess\u00e1ria a indica\u00e7\u00e3o expl\u00edcita de aprova\u00e7\u00e3o pr\u00e9via por um comit\u00e9 de revis\u00e3o local, comiss\u00e3o de \u00e9tica ou afim, de que se far\u00e1 prova se solicitado;<br \/>\n<i class=\"fa fa-caret-right\"><\/i> Qualquer conflito de interesses dever\u00e1 ser explicitado atrav\u00e9s de uma declara\u00e7\u00e3o de interesses;<br \/>\n<i class=\"fa fa-caret-right\"><\/i> O primeiro autor dever\u00e1 confirmar que todos os autores t\u00eam conhecimento e aprovam a submiss\u00e3o do resumo.<\/p>\n<h3>REGRAS PARA SUBMISS\u00c3O DE RESUMOS CIENT\u00cdFICOS<\/h3>\n<p><i class=\"fa fa-caret-right\"><\/i> Ser\u00e3o apenas aceites resumos submetido online em <a class=\"bt_pr\" href=\"http:\/\/events.ipv.pt\/ojs\/index.php\/cmr\/login\" rel=\"noopener noreferrer\" target=\"_blank\">http:\/\/events.ipv.pt\/ojs\/index.php\/cmr\/login<\/a>, n\u00e3o ser\u00e3o aceites resumos enviados por e-mail, correio, ou qualquer outra forma;<br \/>\n<i class=\"fa fa-caret-right\"><\/i> Ser\u00e3o somente aceites resumos submetidos segundo as normas do template dispon\u00edvel aqui (<a class=\"bt_pr\" href=\"http:\/\/localhost\/cmr\/wp-content\/uploads\/template\/template_en.rar\" rel=\"noopener noreferrer\" target=\"_blank\">ingl\u00eas<\/a>, <a class=\"bt_pr\" href=\"http:\/\/localhost\/cmr\/wp-content\/uploads\/template\/template_pt-en.rar\" rel=\"noopener noreferrer\" target=\"_blank\">portugu\u00eas e ingl\u00eas<\/a>);<br \/>\n<i class=\"fa fa-caret-right\"><\/i> Ser\u00e3o apenas aceites resumos em ingl\u00eas, ou em portugu\u00eas e ingl\u00eas;<br \/>\n<i class=\"fa fa-caret-right\"><\/i> Dever\u00e1 ser utilizada uma linguagem simples e evitados os erros ortogr\u00e1ficos, que ser\u00e3o da responsabilidade dos autores. A ortografia n\u00e3o revista poder\u00e1 ser um crit\u00e9rio de rejei\u00e7\u00e3o do trabalho;<br \/>\n<i class=\"fa fa-caret-right\"><\/i> Dever\u00e1 ser indicado qual dos autores far\u00e1 a apresenta\u00e7\u00e3o do trabalho, especificamente o nome, o endere\u00e7o de correio eletr\u00f3nico e a identifica\u00e7\u00e3o da institui\u00e7\u00e3o de origem;<br \/>\n<i class=\"fa fa-caret-right\"><\/i> O resumo n\u00e3o pode conter qualquer alus\u00e3o aos autores, ou ao local onde o estudo foi realizado, regi\u00e3o geogr\u00e1fica ou institui\u00e7\u00e3o, que permita identificar a sua origem;<br \/>\n<i class=\"fa fa-caret-right\"><\/i> Os autores dever\u00e3o classificar o seu trabalho numa das \u00e1reas ao lado;<br \/>\n<i class=\"fa fa-caret-right\"><\/i> Os autores dever\u00e3o indicar o tipo de apresenta\u00e7\u00e3o pretendida (comunica\u00e7\u00e3o oral ou e-poster), sendo que est\u00e1 reservada \u00e0 Comiss\u00e3o Cient\u00edfica a confirma\u00e7\u00e3o, ou altera\u00e7\u00e3o do tipo de apresenta\u00e7\u00e3o, aquando da comunica\u00e7\u00e3o dos resultados aos autores;<br \/>\n<i class=\"fa fa-caret-right\"><\/i> O corpo do resumo n\u00e3o poder\u00e1 exceder as 250 palavras.<\/p>\n<h3>INFORMA\u00c7\u00c3O DE RECE\u00c7\u00c3O DE RESUMOS<\/h3>\n<p><i class=\"fa fa-caret-right\"><\/i> A rece\u00e7\u00e3o do resumo ser\u00e1 confirmada por email para o autor que submete o trabalho.<\/p>\n<h3>REVIS\u00c3O DOS RESUMOS<\/h3>\n<p><i class=\"fa fa-caret-right\"><\/i> Os resumos que respeitem os pr\u00e9-requisitos e as regras de submiss\u00e3o ser\u00e3o revistos e avaliados pela Comiss\u00e3o Cient\u00edfica;<br \/>\n<i class=\"fa fa-caret-right\"><\/i> O autor que submeteu o resumo ser\u00e1 informado da decis\u00e3o, via email, at\u00e9 ao dia <strong>4 de junho de 2021<\/strong>.<\/p>\n<h3>APRESENTA\u00c7\u00c3O NA CONFER\u00caNCIA<\/h3>\n<p><i class=\"fa fa-caret-right\"><\/i> Ser\u00e1 disponibilizado online o programa com a apresenta\u00e7\u00e3o dos trabalhos (data, hora, sala, t\u00edtulo do trabalho e nome do apresentador);<br \/>\n<i class=\"fa fa-caret-right\"><\/i> Cada autor s\u00f3 poder\u00e1 ser autor\/apresentador de dois trabalhos, podendo, contudo, ser coautor de outros trabalhos.<\/p>\n<h3>COMUNICA\u00c7\u00c3O ORAL<\/h3>\n<p><i class=\"fa fa-caret-right\"><\/i> Cada comunica\u00e7\u00e3o oral ter\u00e1 uma dura\u00e7\u00e3o m\u00e1xima de apresenta\u00e7\u00e3o de 10 minutos, seguida de 3 minutos para discuss\u00e3o;<br \/>\n<i class=\"fa fa-caret-right\"><\/i> Cada comunica\u00e7\u00e3o oral dever\u00e1 seguir os padr\u00f5es do template disponibilizado para o efeito <a class=\"e_black\" style=\"text-align: center;\" href=\"http:\/\/localhost\/cmr\/wp-content\/uploads\/template\/template_oralpresentation_education.pptx\">educa\u00e7\u00e3o<\/a>, <a class=\"t_black\" style=\"text-align: center;\" href=\"http:\/\/localhost\/cmr\/wp-content\/uploads\/template\/template_oralpresentation_technologies.pptx\">tecnologia<\/a>, <a class=\"s_black\" style=\"text-align: center;\" href=\"http:\/\/localhost\/cmr\/wp-content\/uploads\/template\/template_oralpresentation_health.pptx\">sa\u00fade<\/a>, <a class=\"ca_black\" style=\"text-align: center;\" href=\"http:\/\/localhost\/cmr\/wp-content\/uploads\/template\/template_oralpresentation_agrarianSciences.pptx\">ci\u00eancias agr\u00e1rias<\/a><\/p>\n<h3>P\u00d3STER DIGITAL<\/h3>\n<p><i class=\"fa fa-caret-right\"><\/i> A apresenta\u00e7\u00e3o dos p\u00f3steres ser\u00e1 em formato e-poster (<a class=\"e_black\" style=\"text-align: center;\" href=\"http:\/\/localhost\/cmr\/wp-content\/uploads\/template\/p_education.pptx\">educa\u00e7\u00e3o<\/a>, <a class=\"t_black\" style=\"text-align: center;\" href=\"http:\/\/localhost\/cmr\/wp-content\/uploads\/template\/p_technologies.pptx\">tecnologia<\/a>, <a class=\"s_black\" style=\"text-align: center;\" href=\"http:\/\/localhost\/cmr\/wp-content\/uploads\/template\/p_health.pptx\">sa\u00fade<\/a>, <a class=\"ca_black\" style=\"text-align: center;\" href=\"http:\/\/localhost\/cmr\/wp-content\/uploads\/template\/p_agrarianSciences.pptx\">ci\u00eancias agr\u00e1rias<\/a>);<br \/>\n<i class=\"fa fa-caret-right\"><\/i> Os p\u00f3steres devem obedecer ao seguinte r\u00e1cio, Lado maior\/Lado pequeno = 1,(77) e ser\u00e3o apresentados em monitores com resolu\u00e7\u00e3o 3840 por 2160 pix\u00e9is;<br \/>\n<i class=\"fa fa-caret-right\"><\/i> Os p\u00f3steres dever\u00e3o ser enviados para o email <a class=\"bt_pr\" href=\"mailto:events@sc.ipv.pt\" rel=\"noopener noreferrer\" target=\"_blank\">events@sc.ipv.pt<\/a> at\u00e9 ao dia <strong>18 de junho de 2021<\/strong>.<\/p>\n<\/div>\n<\/div>\n<div style=\"background-color: rgba(0,0,0,0.8); border-top: 1px solid #fff;\">\n<div class=\"ast-container\">\n<div class=\"triang\"><\/div>\n<div class=\"col-container\">\n<div class=\"column20org\" style=\"padding-top: 20px;\">\n<h3 style=\"color: #fff;\">T\u00d3PICOS<br \/>CONFER\u00caNCIA<\/h3>\n<\/div>\n<div data-aos=\"fade-right\" class=\"column20org\" style=\"padding: 30px 15px 15px 15px; background-color: #fff; border-top: 5px solid #dd9100;\">\n<h4>Educa\u00e7\u00e3o<\/h4>\n<p><i class=\"fa fa-caret-right\"><\/i> Inova\u00e7\u00e3o pedag\u00f3gica<br \/>\n<i class=\"fa fa-caret-right\"><\/i> TIC no contexto educativo<br \/>\n<i class=\"fa fa-caret-right\"><\/i> Did\u00e1ticas e forma\u00e7\u00e3o de professores<br \/>\n<i class=\"fa fa-caret-right\"><\/i> Educa\u00e7\u00e3o em contextos n\u00e3o formais<br \/>\n<i class=\"fa fa-caret-right\"><\/i> Educa\u00e7\u00e3o para o empreendedorismo<br \/>\n<i class=\"fa fa-caret-right\"><\/i> Educa\u00e7\u00e3o inclusiva<br \/>\n<a class=\"button_preto\" href=\"http:\/\/localhost\/cmr\/educacao\/\">saiba mais<\/a>\n<\/div>\n<div data-aos=\"fade-right\" class=\"column20org\" style=\"padding: 30px 15px 15px 15px; background-color: #fff; border-top: 5px solid #4A8DC6;\">\n<h4>Tecnologias<\/h4>\n<p><i class=\"fa fa-caret-right\"><\/i> Sistemas Digitais de Apoio \u00e0 Decis\u00e3o<br \/>\n<i class=\"fa fa-caret-right\"><\/i> Web Social aplicada \u00e0 cultura, economia e sociedade<br \/>\n<i class=\"fa fa-caret-right\"><\/i> Sociedade Digital<br \/>\n<i class=\"fa fa-caret-right\"><\/i> Servi\u00e7os Digitais de Neg\u00f3cios<br \/>\n<i class=\"fa fa-caret-right\"><\/i> Ind\u00fastria automotiva digital<br \/>\n<a class=\"button_preto\" href=\"http:\/\/localhost\/cmr\/tecnologias\/\">saiba mais<\/a>\n<\/div>\n<div data-aos=\"fade-left\" class=\"column20org\" style=\"padding: 30px 15px 15px 15px; background-color: #fff; border-top: 5px solid #a82d7c;\">\n<h4>Sa\u00fade<\/h4>\n<p><i class=\"fa fa-caret-right\"><\/i> Processos de sa\u00fade\/doen\u00e7a ao longo do ciclo vital<br \/>\n<i class=\"fa fa-caret-right\"><\/i> Sa\u00fade sexual e reprodutiva<br \/>\n<i class=\"fa fa-caret-right\"><\/i> Sa\u00fade mental<br \/>\n<i class=\"fa fa-caret-right\"><\/i> Viol\u00eancia em meio escolar, familiar e laboral<br \/>\n<i class=\"fa fa-caret-right\"><\/i> Interculturalidade e imigra\u00e7\u00e3o<br \/>\n<i class=\"fa fa-caret-right\"><\/i> Qualidade de vida<br \/>\n<i class=\"fa fa-caret-right\"><\/i> Literacia em sa\u00fade p\u00fablica, familiar e comunit\u00e1ria<br \/>\n<a class=\"button_preto\" href=\"http:\/\/localhost\/cmr\/saude\/\">saiba mais<\/a>\n<\/div>\n<div data-aos=\"fade-left\" class=\"column20org\" style=\"padding: 30px 15px 15px 15px; background-color: #fff; border-top: 5px solid #95c11f;\">\n<h4>Ci\u00eancias Agr\u00e1rias<\/h4>\n<p><i class=\"fa fa-caret-right\"><\/i> Agricultura sustent\u00e1vel<br \/>\n<i class=\"fa fa-caret-right\"><\/i> Ci\u00eancia animal<br \/>\n<i class=\"fa fa-caret-right\"><\/i> Meio ambiente e Sociedade<br \/>\n<i class=\"fa fa-caret-right\"><\/i> Ci\u00eancia e Tecnologia alimentar<br \/>\n<i class=\"fa fa-caret-right\"><\/i> Nutri\u00e7\u00e3o e Comportamentos alimentares<br \/>\n<a class=\"button_preto\" href=\"http:\/\/localhost\/cmr\/ciencias-agrarias\/\">saiba mais<\/a>\n<\/div>\n<\/div>\n<\/div>\n<\/div>\n\n<\/div>\n","protected":false},"excerpt":{"rendered":"<p>CALL FOR PAPERS Abertura: 24 de janeiro de 2020 T\u00e9rminus: 28 de maio de 2021 REGULAMENTO DE SUBMISS\u00d5ES N\u00e3o ser\u00e3o aceites trabalhos que n\u00e3o cumpram as regras e condi\u00e7\u00f5es pr\u00e9vias abaixo discriminadas. PR\u00c9-REQUISITOS DE SUBMISS\u00c3O N\u00e3o ser\u00e3o aceites trabalhos apresentados previamente em confer\u00eancias nacionais\/internacionais e\/ou publicados em revistas cient\u00edficas; Estudos que envolvam animais, ou humanos, &hellip;<\/p>\n<p class=\"read-more\"> <a class=\"\" href=\"https:\/\/events.ipv.pt\/cmr\/call-for-papers\/\"> <span class=\"screen-reader-text\">CALL FOR PAPERS<\/span> Read More &raquo;<\/a><\/p>\n","protected":false},"author":1,"featured_media":0,"parent":0,"menu_order":8,"comment_status":"closed","ping_status":"closed","template":"","meta":{"site-sidebar-layout":"default","site-content-layout":"default","ast-global-header-display":"","ast-main-header-display":"","ast-hfb-above-header-display":"","ast-hfb-below-header-display":"","ast-hfb-mobile-header-display":"","site-post-title":"disabled","ast-breadcrumbs-content":"","ast-featured-img":"","footer-sml-layout":"","theme-transparent-header-meta":"default","adv-header-id-meta":"","stick-header-meta":"","header-above-stick-meta":"","header-main-stick-meta":"","header-below-stick-meta":"","footnotes":""},"class_list":["post-342","page","type-page","status-publish","hentry"],"translation":{"provider":"WPGlobus","version":"3.0.2","language":"pt","enabled_languages":["pt","en"],"languages":{"pt":{"title":true,"content":true,"excerpt":false},"en":{"title":false,"content":true,"excerpt":false}}},"yoast_head":"<!-- This site is optimized with the Yoast SEO plugin v27.3 - https:\/\/yoast.com\/product\/yoast-seo-wordpress\/ -->\r\n<title>CALL FOR PAPERS &#8226; CMR<\/title>\r\n<meta name=\"robots\" content=\"index, follow, max-snippet:-1, max-image-preview:large, max-video-preview:-1\" \/>\r\n<link rel=\"canonical\" href=\"https:\/\/events.ipv.pt\/cmr\/call-for-papers\/\" \/>\r\n<meta property=\"og:locale\" content=\"pt_PT\" \/>\r\n<meta property=\"og:type\" content=\"article\" \/>\r\n<meta property=\"og:title\" content=\"CALL FOR PAPERS &#8226; CMR\" \/>\r\n<meta property=\"og:url\" content=\"https:\/\/events.ipv.pt\/cmr\/call-for-papers\/\" \/>\r\n<meta property=\"og:site_name\" content=\"CMR\" \/>\r\n<meta property=\"article:modified_time\" content=\"2021-06-20T16:34:53+00:00\" \/>\r\n<meta name=\"twitter:card\" content=\"summary_large_image\" \/>\r\n<meta name=\"twitter:label1\" content=\"Tempo estimado de leitura\" \/>\n\t<meta name=\"twitter:data1\" content=\"6 minutos\" \/>\r\n<script type=\"application\/ld+json\" class=\"yoast-schema-graph\">{\"@context\":\"https:\\\/\\\/schema.org\",\"@graph\":[{\"@type\":\"WebPage\",\"@id\":\"https:\\\/\\\/events.ipv.pt\\\/cmr\\\/call-for-papers\\\/\",\"url\":\"https:\\\/\\\/events.ipv.pt\\\/cmr\\\/call-for-papers\\\/\",\"name\":\"CALL FOR PAPERS &#8226; CMR\",\"isPartOf\":{\"@id\":\"https:\\\/\\\/events.ipv.pt\\\/cmr\\\/#website\"},\"datePublished\":\"2021-02-08T14:04:19+00:00\",\"dateModified\":\"2021-06-20T16:34:53+00:00\",\"breadcrumb\":{\"@id\":\"https:\\\/\\\/events.ipv.pt\\\/cmr\\\/call-for-papers\\\/#breadcrumb\"},\"inLanguage\":\"pt-PT\",\"potentialAction\":[{\"@type\":\"ReadAction\",\"target\":[\"https:\\\/\\\/events.ipv.pt\\\/cmr\\\/call-for-papers\\\/\"]}]},{\"@type\":\"BreadcrumbList\",\"@id\":\"https:\\\/\\\/events.ipv.pt\\\/cmr\\\/call-for-papers\\\/#breadcrumb\",\"itemListElement\":[{\"@type\":\"ListItem\",\"position\":1,\"name\":\"Home\",\"item\":\"https:\\\/\\\/events.ipv.pt\\\/cmr\\\/\"},{\"@type\":\"ListItem\",\"position\":2,\"name\":\"CALL FOR PAPERS\"}]},{\"@type\":\"WebSite\",\"@id\":\"https:\\\/\\\/events.ipv.pt\\\/cmr\\\/#website\",\"url\":\"https:\\\/\\\/events.ipv.pt\\\/cmr\\\/\",\"name\":\"CMR International Conference on Multidisciplinary Research\",\"description\":\"International Conference on Multidisciplinary Research\",\"publisher\":{\"@id\":\"https:\\\/\\\/events.ipv.pt\\\/cmr\\\/#organization\"},\"potentialAction\":[{\"@type\":\"SearchAction\",\"target\":{\"@type\":\"EntryPoint\",\"urlTemplate\":\"https:\\\/\\\/events.ipv.pt\\\/cmr\\\/?s={search_term_string}\"},\"query-input\":{\"@type\":\"PropertyValueSpecification\",\"valueRequired\":true,\"valueName\":\"search_term_string\"}}],\"inLanguage\":\"pt-PT\"},{\"@type\":\"Organization\",\"@id\":\"https:\\\/\\\/events.ipv.pt\\\/cmr\\\/#organization\",\"name\":\"Instituto Polit\u00e9cnico de Viseu\",\"url\":\"https:\\\/\\\/events.ipv.pt\\\/cmr\\\/\",\"logo\":{\"@type\":\"ImageObject\",\"inLanguage\":\"pt-PT\",\"@id\":\"https:\\\/\\\/events.ipv.pt\\\/cmr\\\/#\\\/schema\\\/logo\\\/image\\\/\",\"url\":\"http:\\\/\\\/localhost\\\/cmr\\\/wp-content\\\/uploads\\\/2021\\\/03\\\/logo_pv.png\",\"contentUrl\":\"http:\\\/\\\/localhost\\\/cmr\\\/wp-content\\\/uploads\\\/2021\\\/03\\\/logo_pv.png\",\"width\":4205,\"height\":1108,\"caption\":\"Instituto Polit\u00e9cnico de Viseu\"},\"image\":{\"@id\":\"https:\\\/\\\/events.ipv.pt\\\/cmr\\\/#\\\/schema\\\/logo\\\/image\\\/\"}}]}<\/script>\r\n<!-- \/ Yoast SEO plugin. -->","yoast_head_json":{"title":"CALL FOR PAPERS &#8226; CMR","robots":{"index":"index","follow":"follow","max-snippet":"max-snippet:-1","max-image-preview":"max-image-preview:large","max-video-preview":"max-video-preview:-1"},"canonical":"https:\/\/events.ipv.pt\/cmr\/call-for-papers\/","og_locale":"pt_PT","og_type":"article","og_title":"CALL FOR PAPERS &#8226; CMR","og_url":"https:\/\/events.ipv.pt\/cmr\/call-for-papers\/","og_site_name":"CMR","article_modified_time":"2021-06-20T16:34:53+00:00","twitter_card":"summary_large_image","twitter_misc":{"Tempo estimado de leitura":"6 minutos"},"schema":{"@context":"https:\/\/schema.org","@graph":[{"@type":"WebPage","@id":"https:\/\/events.ipv.pt\/cmr\/call-for-papers\/","url":"https:\/\/events.ipv.pt\/cmr\/call-for-papers\/","name":"CALL FOR PAPERS &#8226; CMR","isPartOf":{"@id":"https:\/\/events.ipv.pt\/cmr\/#website"},"datePublished":"2021-02-08T14:04:19+00:00","dateModified":"2021-06-20T16:34:53+00:00","breadcrumb":{"@id":"https:\/\/events.ipv.pt\/cmr\/call-for-papers\/#breadcrumb"},"inLanguage":"pt-PT","potentialAction":[{"@type":"ReadAction","target":["https:\/\/events.ipv.pt\/cmr\/call-for-papers\/"]}]},{"@type":"BreadcrumbList","@id":"https:\/\/events.ipv.pt\/cmr\/call-for-papers\/#breadcrumb","itemListElement":[{"@type":"ListItem","position":1,"name":"Home","item":"https:\/\/events.ipv.pt\/cmr\/"},{"@type":"ListItem","position":2,"name":"CALL FOR PAPERS"}]},{"@type":"WebSite","@id":"https:\/\/events.ipv.pt\/cmr\/#website","url":"https:\/\/events.ipv.pt\/cmr\/","name":"CMR International Conference on Multidisciplinary Research","description":"International Conference on Multidisciplinary Research","publisher":{"@id":"https:\/\/events.ipv.pt\/cmr\/#organization"},"potentialAction":[{"@type":"SearchAction","target":{"@type":"EntryPoint","urlTemplate":"https:\/\/events.ipv.pt\/cmr\/?s={search_term_string}"},"query-input":{"@type":"PropertyValueSpecification","valueRequired":true,"valueName":"search_term_string"}}],"inLanguage":"pt-PT"},{"@type":"Organization","@id":"https:\/\/events.ipv.pt\/cmr\/#organization","name":"Instituto Polit\u00e9cnico de Viseu","url":"https:\/\/events.ipv.pt\/cmr\/","logo":{"@type":"ImageObject","inLanguage":"pt-PT","@id":"https:\/\/events.ipv.pt\/cmr\/#\/schema\/logo\/image\/","url":"http:\/\/localhost\/cmr\/wp-content\/uploads\/2021\/03\/logo_pv.png","contentUrl":"http:\/\/localhost\/cmr\/wp-content\/uploads\/2021\/03\/logo_pv.png","width":4205,"height":1108,"caption":"Instituto Polit\u00e9cnico de Viseu"},"image":{"@id":"https:\/\/events.ipv.pt\/cmr\/#\/schema\/logo\/image\/"}}]}},"_links":{"self":[{"href":"https:\/\/events.ipv.pt\/cmr\/wp-json\/wp\/v2\/pages\/342","targetHints":{"allow":["GET"]}}],"collection":[{"href":"https:\/\/events.ipv.pt\/cmr\/wp-json\/wp\/v2\/pages"}],"about":[{"href":"https:\/\/events.ipv.pt\/cmr\/wp-json\/wp\/v2\/types\/page"}],"author":[{"embeddable":true,"href":"https:\/\/events.ipv.pt\/cmr\/wp-json\/wp\/v2\/users\/1"}],"replies":[{"embeddable":true,"href":"https:\/\/events.ipv.pt\/cmr\/wp-json\/wp\/v2\/comments?post=342"}],"version-history":[{"count":46,"href":"https:\/\/events.ipv.pt\/cmr\/wp-json\/wp\/v2\/pages\/342\/revisions"}],"predecessor-version":[{"id":971,"href":"https:\/\/events.ipv.pt\/cmr\/wp-json\/wp\/v2\/pages\/342\/revisions\/971"}],"wp:attachment":[{"href":"https:\/\/events.ipv.pt\/cmr\/wp-json\/wp\/v2\/media?parent=342"}],"curies":[{"name":"wp","href":"https:\/\/api.w.org\/{rel}","templated":true}]}}