{"id":47,"date":"2021-01-29T09:58:59","date_gmt":"2021-01-29T09:58:59","guid":{"rendered":"http:\/\/localhost\/casapessoal\/?page_id=47"},"modified":"2022-04-04T11:27:03","modified_gmt":"2022-04-04T11:27:03","slug":"associar","status":"publish","type":"page","link":"https:\/\/events.ipv.pt\/casapessoal\/associar\/","title":{"rendered":"ASSOCIAR"},"content":{"rendered":"<div class=\"ast-container contBox\" style=\"background-color: #b9997e; color: #fff;\">\n<h2 style=\"color: #fff;\">Valores das Quotas<\/h2>\n<h4 style=\"color: #fff;\">Associado Efetivo<\/h4>\n<p style=\"margin-top: -20px;\"><i class=\"fa fa-angle-right\"><\/i> Quota mensal de 1,00\u20ac, a ser paga anualmente (quota anual de 12,00\u20ac), devendo ser paga at\u00e9 31 de janeiro de cada ano.<\/p>\n<h4 style=\"color: #fff;\">Associado Familiar<\/h4>\n<p style=\"margin-top: -20px;\"><i class=\"fa fa-angle-right\"><\/i> Quota mensal de 0,50\u20ac, a ser paga anualmente (quota anual de 6,00\u20ac), devendo ser paga at\u00e9 31 de janeiro de cada ano. Em 2021, haver\u00e1 isen\u00e7\u00e3o de quota para associados familiares.<\/p>\n<p style=\"border-top: 1px solid #fff; border-bottom: 1px solid #fff; margin-left: 80px; margin-right: 80px; margin-top: 50px; color: #fff; padding: 10px;\"><strong>Nota:<\/strong> No ano da inscri\u00e7\u00e3o como associado, a quota ser\u00e1 calculada em fun\u00e7\u00e3o dos meses remanescentes, incluindo o m\u00eas de inscri\u00e7\u00e3o.<\/p>\n<h4 style=\"color: #fff;\">J\u00f3ia<\/h4>\n<p style=\"margin-top: -20px;\"><i class=\"fa fa-angle-right\"><\/i> Em 2021 h\u00e1 isen\u00e7\u00e3o de j\u00f3ia, conforme delibera\u00e7\u00e3o aprovada em assembleia-geral.<\/p>\n<h4 style=\"color: #fff;\">Pagamentos de quotas<\/h4>\n<p style=\"margin-top: -20px;\"><i class=\"fa fa-angle-right\"><\/i> Os pagamentos de quotas ser\u00e3o efetuados por Refer\u00eancia Multibanco que ser\u00e1 oportunamente enviada aos associados, via e-mail.\n<\/div>\n<div class=\"ast-container\" style=\"background-color: #fff; padding-bottom: 50px;\">\n[caldera_form id=&#8221;CF6013d9624fe4b&#8221;]\n<\/div>\n<\/div>\n","protected":false},"excerpt":{"rendered":"<p>Valores das Quotas Associado Efetivo Quota mensal de 1,00\u20ac, a ser paga anualmente (quota anual de 12,00\u20ac), devendo ser paga at\u00e9 31 de janeiro de cada ano. Associado Familiar Quota mensal de 0,50\u20ac, a ser paga anualmente (quota anual de 6,00\u20ac), devendo ser paga at\u00e9 31 de janeiro de cada ano. Em 2021, haver\u00e1 isen\u00e7\u00e3o &hellip;<\/p>\n<p class=\"read-more\"> <a class=\"\" href=\"https:\/\/events.ipv.pt\/casapessoal\/associar\/\"> <span class=\"screen-reader-text\">ASSOCIAR<\/span> Read More &raquo;<\/a><\/p>\n","protected":false},"author":1,"featured_media":0,"parent":0,"menu_order":0,"comment_status":"closed","ping_status":"closed","template":"","meta":{"site-sidebar-layout":"default","site-content-layout":"default","ast-global-header-display":"","ast-main-header-display":"","ast-hfb-above-header-display":"","ast-hfb-below-header-display":"","ast-hfb-mobile-header-display":"","site-post-title":"disabled","ast-breadcrumbs-content":"disabled","ast-featured-img":"disabled","footer-sml-layout":"","theme-transparent-header-meta":"default","adv-header-id-meta":"","stick-header-meta":"","header-above-stick-meta":"","header-main-stick-meta":"","header-below-stick-meta":"","footnotes":""},"class_list":["post-47","page","type-page","status-publish","hentry"],"yoast_head":"<!-- This site is optimized with the Yoast SEO plugin v27.5 - https:\/\/yoast.com\/product\/yoast-seo-wordpress\/ -->\r\n<title>ASSOCIAR &#8226; Casa do Pessoal<\/title>\r\n<meta name=\"robots\" content=\"index, follow, max-snippet:-1, max-image-preview:large, max-video-preview:-1\" \/>\r\n<link rel=\"canonical\" href=\"https:\/\/events.ipv.pt\/casapessoal\/associar\/\" \/>\r\n<meta property=\"og:locale\" content=\"pt_PT\" \/>\r\n<meta property=\"og:type\" content=\"article\" \/>\r\n<meta property=\"og:title\" content=\"ASSOCIAR &#8226; Casa do Pessoal\" \/>\r\n<meta property=\"og:description\" content=\"Valores das Quotas Associado Efetivo Quota mensal de 1,00\u20ac, a ser paga anualmente (quota anual de 12,00\u20ac), devendo ser paga at\u00e9 31 de janeiro de cada ano. Associado Familiar Quota mensal de 0,50\u20ac, a ser paga anualmente (quota anual de 6,00\u20ac), devendo ser paga at\u00e9 31 de janeiro de cada ano. Em 2021, haver\u00e1 isen\u00e7\u00e3o &hellip; ASSOCIAR Read More &raquo;\" \/>\r\n<meta property=\"og:url\" content=\"https:\/\/events.ipv.pt\/casapessoal\/associar\/\" \/>\r\n<meta property=\"og:site_name\" content=\"Casa do Pessoal\" \/>\r\n<meta property=\"article:modified_time\" content=\"2022-04-04T11:27:03+00:00\" \/>\r\n<meta name=\"twitter:card\" content=\"summary_large_image\" \/>\r\n<meta name=\"twitter:label1\" content=\"Tempo estimado de leitura\" \/>\n\t<meta name=\"twitter:data1\" content=\"1 minuto\" \/>\r\n<script type=\"application\/ld+json\" class=\"yoast-schema-graph\">{\"@context\":\"https:\\\/\\\/schema.org\",\"@graph\":[{\"@type\":\"WebPage\",\"@id\":\"https:\\\/\\\/events.ipv.pt\\\/casapessoal\\\/associar\\\/\",\"url\":\"https:\\\/\\\/events.ipv.pt\\\/casapessoal\\\/associar\\\/\",\"name\":\"ASSOCIAR &#8226; Casa do Pessoal\",\"isPartOf\":{\"@id\":\"https:\\\/\\\/events.ipv.pt\\\/casapessoal\\\/#website\"},\"datePublished\":\"2021-01-29T09:58:59+00:00\",\"dateModified\":\"2022-04-04T11:27:03+00:00\",\"breadcrumb\":{\"@id\":\"https:\\\/\\\/events.ipv.pt\\\/casapessoal\\\/associar\\\/#breadcrumb\"},\"inLanguage\":\"pt-PT\",\"potentialAction\":[{\"@type\":\"ReadAction\",\"target\":[\"https:\\\/\\\/events.ipv.pt\\\/casapessoal\\\/associar\\\/\"]}]},{\"@type\":\"BreadcrumbList\",\"@id\":\"https:\\\/\\\/events.ipv.pt\\\/casapessoal\\\/associar\\\/#breadcrumb\",\"itemListElement\":[{\"@type\":\"ListItem\",\"position\":1,\"name\":\"Home\",\"item\":\"https:\\\/\\\/events.ipv.pt\\\/casapessoal\\\/\"},{\"@type\":\"ListItem\",\"position\":2,\"name\":\"ASSOCIAR\"}]},{\"@type\":\"WebSite\",\"@id\":\"https:\\\/\\\/events.ipv.pt\\\/casapessoal\\\/#website\",\"url\":\"https:\\\/\\\/events.ipv.pt\\\/casapessoal\\\/\",\"name\":\"Casa do Pessoal\",\"description\":\"Polit\u00e9cnico de Viseu\",\"publisher\":{\"@id\":\"https:\\\/\\\/events.ipv.pt\\\/casapessoal\\\/#organization\"},\"potentialAction\":[{\"@type\":\"SearchAction\",\"target\":{\"@type\":\"EntryPoint\",\"urlTemplate\":\"https:\\\/\\\/events.ipv.pt\\\/casapessoal\\\/?s={search_term_string}\"},\"query-input\":{\"@type\":\"PropertyValueSpecification\",\"valueRequired\":true,\"valueName\":\"search_term_string\"}}],\"inLanguage\":\"pt-PT\"},{\"@type\":\"Organization\",\"@id\":\"https:\\\/\\\/events.ipv.pt\\\/casapessoal\\\/#organization\",\"name\":\"Casa do Pessoal do Polit\u00e9cnico de Viseu\",\"url\":\"https:\\\/\\\/events.ipv.pt\\\/casapessoal\\\/\",\"logo\":{\"@type\":\"ImageObject\",\"inLanguage\":\"pt-PT\",\"@id\":\"https:\\\/\\\/events.ipv.pt\\\/casapessoal\\\/#\\\/schema\\\/logo\\\/image\\\/\",\"url\":\"https:\\\/\\\/events.ipv.pt\\\/casapessoal\\\/wp-content\\\/uploads\\\/2022\\\/04\\\/cropped-lgCasaPessoal.png\",\"contentUrl\":\"https:\\\/\\\/events.ipv.pt\\\/casapessoal\\\/wp-content\\\/uploads\\\/2022\\\/04\\\/cropped-lgCasaPessoal.png\",\"width\":430,\"height\":120,\"caption\":\"Casa do Pessoal do Polit\u00e9cnico de Viseu\"},\"image\":{\"@id\":\"https:\\\/\\\/events.ipv.pt\\\/casapessoal\\\/#\\\/schema\\\/logo\\\/image\\\/\"}}]}<\/script>\r\n<!-- \/ Yoast SEO plugin. -->","yoast_head_json":{"title":"ASSOCIAR &#8226; Casa do Pessoal","robots":{"index":"index","follow":"follow","max-snippet":"max-snippet:-1","max-image-preview":"max-image-preview:large","max-video-preview":"max-video-preview:-1"},"canonical":"https:\/\/events.ipv.pt\/casapessoal\/associar\/","og_locale":"pt_PT","og_type":"article","og_title":"ASSOCIAR &#8226; Casa do Pessoal","og_description":"Valores das Quotas Associado Efetivo Quota mensal de 1,00\u20ac, a ser paga anualmente (quota anual de 12,00\u20ac), devendo ser paga at\u00e9 31 de janeiro de cada ano. Associado Familiar Quota mensal de 0,50\u20ac, a ser paga anualmente (quota anual de 6,00\u20ac), devendo ser paga at\u00e9 31 de janeiro de cada ano. Em 2021, haver\u00e1 isen\u00e7\u00e3o &hellip; ASSOCIAR Read More &raquo;","og_url":"https:\/\/events.ipv.pt\/casapessoal\/associar\/","og_site_name":"Casa do Pessoal","article_modified_time":"2022-04-04T11:27:03+00:00","twitter_card":"summary_large_image","twitter_misc":{"Tempo estimado de leitura":"1 minuto"},"schema":{"@context":"https:\/\/schema.org","@graph":[{"@type":"WebPage","@id":"https:\/\/events.ipv.pt\/casapessoal\/associar\/","url":"https:\/\/events.ipv.pt\/casapessoal\/associar\/","name":"ASSOCIAR &#8226; Casa do Pessoal","isPartOf":{"@id":"https:\/\/events.ipv.pt\/casapessoal\/#website"},"datePublished":"2021-01-29T09:58:59+00:00","dateModified":"2022-04-04T11:27:03+00:00","breadcrumb":{"@id":"https:\/\/events.ipv.pt\/casapessoal\/associar\/#breadcrumb"},"inLanguage":"pt-PT","potentialAction":[{"@type":"ReadAction","target":["https:\/\/events.ipv.pt\/casapessoal\/associar\/"]}]},{"@type":"BreadcrumbList","@id":"https:\/\/events.ipv.pt\/casapessoal\/associar\/#breadcrumb","itemListElement":[{"@type":"ListItem","position":1,"name":"Home","item":"https:\/\/events.ipv.pt\/casapessoal\/"},{"@type":"ListItem","position":2,"name":"ASSOCIAR"}]},{"@type":"WebSite","@id":"https:\/\/events.ipv.pt\/casapessoal\/#website","url":"https:\/\/events.ipv.pt\/casapessoal\/","name":"Casa do Pessoal","description":"Polit\u00e9cnico de Viseu","publisher":{"@id":"https:\/\/events.ipv.pt\/casapessoal\/#organization"},"potentialAction":[{"@type":"SearchAction","target":{"@type":"EntryPoint","urlTemplate":"https:\/\/events.ipv.pt\/casapessoal\/?s={search_term_string}"},"query-input":{"@type":"PropertyValueSpecification","valueRequired":true,"valueName":"search_term_string"}}],"inLanguage":"pt-PT"},{"@type":"Organization","@id":"https:\/\/events.ipv.pt\/casapessoal\/#organization","name":"Casa do Pessoal do Polit\u00e9cnico de Viseu","url":"https:\/\/events.ipv.pt\/casapessoal\/","logo":{"@type":"ImageObject","inLanguage":"pt-PT","@id":"https:\/\/events.ipv.pt\/casapessoal\/#\/schema\/logo\/image\/","url":"https:\/\/events.ipv.pt\/casapessoal\/wp-content\/uploads\/2022\/04\/cropped-lgCasaPessoal.png","contentUrl":"https:\/\/events.ipv.pt\/casapessoal\/wp-content\/uploads\/2022\/04\/cropped-lgCasaPessoal.png","width":430,"height":120,"caption":"Casa do Pessoal do Polit\u00e9cnico de Viseu"},"image":{"@id":"https:\/\/events.ipv.pt\/casapessoal\/#\/schema\/logo\/image\/"}}]}},"_links":{"self":[{"href":"https:\/\/events.ipv.pt\/casapessoal\/wp-json\/wp\/v2\/pages\/47","targetHints":{"allow":["GET"]}}],"collection":[{"href":"https:\/\/events.ipv.pt\/casapessoal\/wp-json\/wp\/v2\/pages"}],"about":[{"href":"https:\/\/events.ipv.pt\/casapessoal\/wp-json\/wp\/v2\/types\/page"}],"author":[{"embeddable":true,"href":"https:\/\/events.ipv.pt\/casapessoal\/wp-json\/wp\/v2\/users\/1"}],"replies":[{"embeddable":true,"href":"https:\/\/events.ipv.pt\/casapessoal\/wp-json\/wp\/v2\/comments?post=47"}],"version-history":[{"count":39,"href":"https:\/\/events.ipv.pt\/casapessoal\/wp-json\/wp\/v2\/pages\/47\/revisions"}],"predecessor-version":[{"id":584,"href":"https:\/\/events.ipv.pt\/casapessoal\/wp-json\/wp\/v2\/pages\/47\/revisions\/584"}],"wp:attachment":[{"href":"https:\/\/events.ipv.pt\/casapessoal\/wp-json\/wp\/v2\/media?parent=47"}],"curies":[{"name":"wp","href":"https:\/\/api.w.org\/{rel}","templated":true}]}}